= 4*k - 12. Suppose -6*h + k*h = 64. What is the highest common divisor of 16 and h?
16
Let g = 171 + -114. What is the highest common divisor of g and 1254?
57
Let j(q) be the first derivative of q**2/2 + 7*q - 7. Let v be j(-8). Let d = v + 15. Calculate the greatest common divisor of d and 56.
14
Let n(h) = -3*h**2 - 53*h - 72. Let m be n(-16). What is the greatest common divisor of m and 17?
1
Suppose 79*m = 80*m - 9. Let s = -48 + 84. What is the greatest common divisor of m and s?
9
Let n be (0 + 18)*(-1)/(-2). Suppose -5*j - 2*j + 126 = 0. What is the greatest common divisor of j and n?
9
Suppose -5 = -4*h + 7. Let o = h - 0. Suppose 3*z = -3*t + 51, 8*z - 3*z + 62 = 2*t. Calculate the highest common divisor of o and t.
3
Let o = -100 - -212. Suppose 0 = 5*a - 8 - 17, 3*w - 17 = 5*a. Calculate the highest common divisor of o and w.
14
Suppose -183 = -4*z + 397. Let x = -137 + z. Calculate the highest common divisor of 56 and x.
8
Let f be (0 - 62) + -17 + 13. Let z = 117 + f. Let k be (-5)/(-30)*z*2. What is the highest common factor of 119 and k?
17
Suppose -3*j + 9 = 3. Suppose f + 34 = j*f + 2*g, -g = -f + 40. Suppose 0*i = 10*i - 950. Calculate the highest common factor of f and i.
19
Suppose 4690 = -89*z + 99*z. What is the greatest common divisor of z and 67?
67
Let r be (-7)/((-42)/4)*(4 + -37). Let w = r + 44. Calculate the highest common divisor of w and 154.
22
Suppose -n = 2*u - 190, -3*n - n = 2*u - 190. Calculate the highest common divisor of 19 and u.
19
Let q = 12 + -4. Suppose 5*s + 2*i - 51 = 9, i + 25 = 3*s. Calculate the highest common factor of q and s.
2
Let n be 12/5 + (-3)/(-5). Suppose -10 - 8 = -n*t. Suppose -c + t*c = 1040. What is the highest common factor of c and 26?
26
Suppose 4*s + 524 = 3*l, 0 = 4*l - 2*s - 972 + 280. Suppose 0 = -6*d + l + 44. Calculate the highest common divisor of 90 and d.
18
Suppose 125 = 3*u - 2*f, 2*f - 8 = 4*f. Let t = -565 + 591. What is the highest common factor of t and u?
13
Let a be (-24)/(-2) + 3*1. Suppose 4 = m - 0. Suppose -m*n + 12 = 0, 2*y - 21 = y - 5*n. What is the greatest common factor of y and a?
3
Suppose 0 = 5*b + 2*z - 274, 2*z + 429 = 5*b + 163. Calculate the highest common factor of b and 1485.
27
Suppose 0 = -k - 73 + 27. Let t = k - -48. Calculate the highest common divisor of t and 18.
2
Let v = -12 + 11. Let n(u) = u**2 + 3*u + 3. Let a be n(-6). Let c = a - v. What is the greatest common factor of c and 2?
2
Let d(s) = -2*s**3 - 26*s**2 + 2*s + 10. Let u be d(-13). Let m = 64 + u. What is the greatest common factor of 36 and m?
12
Suppose 7 = -13*u - 6. Let p(o) = -34*o**3 - 2*o**2 - 3*o - 2. Let q be p(u). Suppose 6 = f + 3. Calculate the greatest common divisor of f and q.
3
Suppose j + 49 = 65. Let q(w) = 6*w**3 - 3*w**2 + 2*w + 3. Let z be q(3). What is the greatest common divisor of j and z?
16
Suppose -z + 24 = -3*a + 9, 3*a = -5*z + 21. Calculate the greatest common factor of z and 15.
3
Let l be ((-8)/(1 - -3))/((-6)/3). Let m be ((-57)/12 + l)/(3/(-16)). What is the greatest common divisor of 220 and m?
20
Suppose -32*z + 15*z + 12512 = 0. Calculate the highest common divisor of 46 and z.
46
Let y be 3325/100 - (-2)/(-8). Suppose y*g = 31*g + 40. What is the greatest common divisor of g and 100?
20
Let j(y) = 49*y**2 + 2. Let u be j(-2). Let k = 147 + -147. Suppose 3*l + l - b = 68, k = -2*l - 3*b + 48. What is the greatest common factor of l and u?
18
Let v be 10/4*(-60)/(-75). Suppose -12 = -j - v*j. What is the highest common divisor of 20 and j?
4
Let u(l) = -l**3 - 6*l**2 - 3*l - 15. Let w be u(-6). Suppose 5*f - 4*b = 1031, -4*b + w*b + 402 = 2*f. What is the highest common divisor of 29 and f?
29
Let u be 399/(-77) + 5 - (-2922)/(-22). Let w = 155 + u. What is the greatest common factor of 55 and w?
11
Let u be (-3)/(-2)*(-8 - -6). Let m be (-5 + 387)/(2/u). Let l be 2/(-9) + m/(-27). Calculate the greatest common divisor of 7 and l.
7
Let u be 1/((34/51)/(1 - -1)). Calculate the greatest common factor of 27 and u.
3
Suppose -32 - 13 = -5*r. Let y be (-54)/4*(10 + -6 + -2). Let h = y - -36. What is the greatest common factor of h and r?
9
Let q be (-3915)/(-348) - (-3)/4. Suppose 4*y = 3*y + 96. What is the highest common divisor of y and q?
12
Suppose -2*z + 395 = -215. Let a = -80 + z. What is the greatest common divisor of 25 and a?
25
Let p = 544 + 191. Calculate the highest common factor of 120 and p.
15
Let c(w) = -w**2 + 21*w + 49. Let m be c(23). Calculate the greatest common divisor of 123 and m.
3
Let u be (-7 + 0/4)/(2/(-20)). Calculate the greatest common divisor of 245 and u.
35
Let l = -10 + 82. Calculate the highest common divisor of 40 and l.
8
Let a(k) = 7*k + 64. Let g be a(-8). Calculate the greatest common factor of g and 80.
8
Let q be -16*(-18)/24 - 3. Calculate the greatest common factor of 16 and q.
1
Let j(q) = q + 3. Let s be j(0). Let c be 0 - 1875/(-33) - (-588)/3234. Calculate the highest common divisor of s and c.
3
Let a = 30 - 27. Let x(g) be the first derivative of 4*g**3/3 - 7*g - 3. Let f be x(a). Calculate the highest common divisor of f and 87.
29
Suppose -3*u + 15 = 2*u. Suppose 30 = 2*a + u*a. Suppose -h = 2*h - a. Calculate the highest common factor of h and 22.
2
Suppose 30 = -8*r + 102. Calculate the highest common divisor of 27 and r.
9
Let r be (3/(-2))/(((-21)/(-14))/3). Let d be (r - 173)*2/(-4). Calculate the highest common factor of d and 8.
8
Suppose 0 = c - 3, 5*c + 244 = -13*f + 14*f. Calculate the greatest common divisor of f and 37.
37
Suppose x = 2*q - 12 - 14, -2*q = -4*x - 32. Suppose 8*h = -32 + 128. What is the greatest common factor of q and h?
12
Let i = 50 + -49. Let l be 2 + 29*1/i*2. What is the greatest common factor of 40 and l?
20
Let k be 9 + -12 - (20 - -1). Let g = -22 - k. Let j be 16 + -5 - (1 - g). Calculate the greatest common factor of 8 and j.
4
Let u = -59 - 108. Let s = u + 288. Suppose 5*h = 2*j + 2 - 19, 4*h - 15 = -j. Calculate the greatest common divisor of j and s.
11
Suppose -6*c + 12*c - 6972 = 0. Calculate the highest common divisor of c and 14.
14
Suppose 8*s = 6*s + 4. Suppose -22 = -u - 2*k, -2*u + s*k = 4*k - 46. What is the highest common divisor of u and 168?
24
Suppose -18*q + 3703 = 5*q. What is the greatest common factor of 7 and q?
7
Let x = 33 + -31. Let y(p) = 85*p + 5. Let q be y(x). Let w be q/14 - (-1)/(-2). Calculate the greatest common factor of w and 12.
12
Let b(x) = x + 11. Let s be b(13). Let v = -5 + 7. Calculate the greatest common factor of v and s.
2
Let t be 65 - ((-2)/(-3) + 8/6). Calculate the highest common divisor of 42 and t.
21
Suppose i - 2 = 1, 0 = 2*q - 5*i + 15. Let j = q + 9. What is the greatest common divisor of j and 9?
9
Suppose -2*t - 5*w + 32 = 0, -4*t - 5*w + 33 + 11 = 0. Calculate the highest common factor of 42 and t.
6
Suppose 5*z = -2*n + 41, -14 = -n - 3*z + 9. Let t = 12 + -4. Calculate the highest common divisor of n and t.
8
Let x(a) = -a**2 - 9*a + 4. Let o be x(-7). Let d be (-1770)/(-20) - (0 - 9/6). Calculate the highest common divisor of d and o.
18
Let y = -401 - -461. What is the highest common factor of 500 and y?
20
Let k = 19 - -8. Let z(y) = y**3 + 15*y**2 + 35*y + 21. Let p be z(-8). Calculate the greatest common factor of p and k.
27
Let f = -173 + 323. Let k(t) = -t - 3. Let b be k(-5). Suppose -3*r = 2*h - 66, r = -3*h + b*r + 88. Calculate the greatest common divisor of f and h.
30
Suppose k = -1 + 4. Suppose 0 = k*d + 3, -6*d + 50 = 5*w - d. Let o(z) = 3*z**2 + 8*z - 35. Let f be o(6). Calculate the greatest common divisor of f and w.
11
Let a be 6759/27 + -2 + 25/15. What is the greatest common divisor of 70 and a?
10
Let g = 505 + -494. What is the highest common factor of g and 330?
11
Suppose -16*u = -10*u - 132. Let r(c) = 15*c**2 + 0*c**3 - 6*c**2 + 2 - c**3. Let m be r(8). Calculate the highest common divisor of u and m.
22
Let u(n) = -n**2 - 4*n + 3. Let j be u(-4). Suppose t - 28 = -j*t. Suppose -t - 73 = -5*a. What is the greatest common factor of 176 and a?
16
Suppose 0 = 7*t - 70 - 476. What is the highest common divisor of 1118 and t?
26
Let j be (-1152)/(-5) + (-5 - (-92)/20). What is the highest common factor of j and 92?
46
Let q = -33 + 34. Let z be (0 - q)*(-2)/(-4)